{"id":582,"date":"2022-11-11T15:59:34","date_gmt":"2022-11-11T18:59:34","guid":{"rendered":"https:\/\/site.goiascaixas.com.br\/?post_type=product&#038;p=582"},"modified":"2022-11-11T15:59:34","modified_gmt":"2022-11-11T18:59:34","slug":"alc-65-litros","status":"publish","type":"product","link":"https:\/\/goiascaixas.com.br\/index.php\/produto\/alc-65-litros\/","title":{"rendered":"ALC 65 LITROS"},"content":{"rendered":"<p><span class=\"texto_destaque\">Especifica\u00e7\u00e3o:<\/span><br \/>\nDimens\u00f5es externas: 600x400x365<br \/>\nDimens\u00f5es internas: 565x365x340 (altura interna livre)<br \/>\nMaterial: PP (polipropileno)<br \/>\nTampa: (pes00,705 kg)<br \/>\n35caixas\/m\u00b2 (c\/ tampas abertas)<br \/>\nPeso: 3,500 kg<br \/>\nLitros: 65<\/p>\n","protected":false},"excerpt":{"rendered":"<p>Especifica\u00e7\u00e3o: Dimens\u00f5es externas: 600x400x365 Dimens\u00f5es internas: 565x365x340 (altura interna livre) Material: PP (polipropileno) Tampa: (pes00,705 kg) 35caixas\/m\u00b2 (c\/ tampas abertas) Peso: 3,500 kg Litros: 65<\/p>\n","protected":false},"featured_media":583,"template":"","meta":[],"product_brand":[],"product_cat":[26],"product_tag":[],"class_list":{"0":"post-582","1":"product","2":"type-product","3":"status-publish","4":"has-post-thumbnail","6":"product_cat-caixas-com-tampa","8":"first","9":"instock","10":"shipping-taxable","11":"product-type-simple"},"_links":{"self":[{"href":"https:\/\/goiascaixas.com.br\/index.php\/wp-json\/wp\/v2\/product\/582","targetHints":{"allow":["GET"]}}],"collection":[{"href":"https:\/\/goiascaixas.com.br\/index.php\/wp-json\/wp\/v2\/product"}],"about":[{"href":"https:\/\/goiascaixas.com.br\/index.php\/wp-json\/wp\/v2\/types\/product"}],"wp:featuredmedia":[{"embeddable":true,"href":"https:\/\/goiascaixas.com.br\/index.php\/wp-json\/wp\/v2\/media\/583"}],"wp:attachment":[{"href":"https:\/\/goiascaixas.com.br\/index.php\/wp-json\/wp\/v2\/media?parent=582"}],"wp:term":[{"taxonomy":"product_brand","embeddable":true,"href":"https:\/\/goiascaixas.com.br\/index.php\/wp-json\/wp\/v2\/product_brand?post=582"},{"taxonomy":"product_cat","embeddable":true,"href":"https:\/\/goiascaixas.com.br\/index.php\/wp-json\/wp\/v2\/product_cat?post=582"},{"taxonomy":"product_tag","embeddable":true,"href":"https:\/\/goiascaixas.com.br\/index.php\/wp-json\/wp\/v2\/product_tag?post=582"}],"curies":[{"name":"wp","href":"https:\/\/api.w.org\/{rel}","templated":true}]}}