{"id":586,"date":"2022-11-11T16:17:47","date_gmt":"2022-11-11T19:17:47","guid":{"rendered":"https:\/\/site.goiascaixas.com.br\/?post_type=product&#038;p=586"},"modified":"2022-11-16T14:39:44","modified_gmt":"2022-11-16T17:39:44","slug":"cesto-para-pao","status":"publish","type":"product","link":"https:\/\/goiascaixas.com.br\/index.php\/produto\/cesto-para-pao\/","title":{"rendered":"CAIXA PARA P\u00c3O"},"content":{"rendered":"<p><span class=\"texto_destaque\">Especifica\u00e7\u00e3o:<\/span><br \/>\nDimens\u00f5es externas: 666x584x158<br \/>\nDimens\u00f5es internas: 623x541x124 (altura interna livre)<br \/>\nMaterial: PE-AD (polietileno alta densidade)<br \/>\nCubagem: 0,061m\u00b3\/unid.<br \/>\nPeso: 2,150 Kg<br \/>\nLitros: 49<\/p>\n","protected":false},"excerpt":{"rendered":"<p>Especifica\u00e7\u00e3o: Dimens\u00f5es externas: 666x584x158 Dimens\u00f5es internas: 623x541x124 (altura interna livre) Material: PE-AD (polietileno alta densidade) Cubagem: 0,061m\u00b3\/unid. Peso: 2,150 Kg Litros: 49<\/p>\n","protected":false},"featured_media":751,"template":"","meta":[],"product_brand":[],"product_cat":[29],"product_tag":[],"class_list":{"0":"post-586","1":"product","2":"type-product","3":"status-publish","4":"has-post-thumbnail","6":"product_cat-caixas-vazadas","8":"first","9":"instock","10":"shipping-taxable","11":"product-type-simple"},"_links":{"self":[{"href":"https:\/\/goiascaixas.com.br\/index.php\/wp-json\/wp\/v2\/product\/586","targetHints":{"allow":["GET"]}}],"collection":[{"href":"https:\/\/goiascaixas.com.br\/index.php\/wp-json\/wp\/v2\/product"}],"about":[{"href":"https:\/\/goiascaixas.com.br\/index.php\/wp-json\/wp\/v2\/types\/product"}],"wp:featuredmedia":[{"embeddable":true,"href":"https:\/\/goiascaixas.com.br\/index.php\/wp-json\/wp\/v2\/media\/751"}],"wp:attachment":[{"href":"https:\/\/goiascaixas.com.br\/index.php\/wp-json\/wp\/v2\/media?parent=586"}],"wp:term":[{"taxonomy":"product_brand","embeddable":true,"href":"https:\/\/goiascaixas.com.br\/index.php\/wp-json\/wp\/v2\/product_brand?post=586"},{"taxonomy":"product_cat","embeddable":true,"href":"https:\/\/goiascaixas.com.br\/index.php\/wp-json\/wp\/v2\/product_cat?post=586"},{"taxonomy":"product_tag","embeddable":true,"href":"https:\/\/goiascaixas.com.br\/index.php\/wp-json\/wp\/v2\/product_tag?post=586"}],"curies":[{"name":"wp","href":"https:\/\/api.w.org\/{rel}","templated":true}]}}