{"id":638,"date":"2022-11-16T10:15:23","date_gmt":"2022-11-16T13:15:23","guid":{"rendered":"https:\/\/site.goiascaixas.com.br\/?post_type=product&#038;p=638"},"modified":"2022-11-16T12:12:04","modified_gmt":"2022-11-16T15:12:04","slug":"cn-14-f","status":"publish","type":"product","link":"https:\/\/goiascaixas.com.br\/index.php\/produto\/cn-14-f\/","title":{"rendered":"CN-14 F"},"content":{"rendered":"<p><span class=\"texto_destaque\">Especifica\u00e7\u00e3o:<\/span><br \/>\nDimens\u00f5es externas: 400x300x150<br \/>\nDimens\u00f5es internas: 368x266x132 (altura interna livre)<br \/>\nMaterial: PE-AD (polietileno alta densidade)<br \/>\nTampa (peso 0,365 kg): PP (polipropileno)<br \/>\nCubagem: 0,018m\u00b3\/unid. s\/ tampa<br \/>\nPeso: 0,950 Kg<br \/>\nLitros: 14<\/p>\n","protected":false},"excerpt":{"rendered":"<p>Especifica\u00e7\u00e3o: Dimens\u00f5es externas: 400x300x150 Dimens\u00f5es internas: 368x266x132 (altura interna livre) Material: PE-AD (polietileno alta densidade) Tampa (peso 0,365 kg): PP (polipropileno) Cubagem: 0,018m\u00b3\/unid. s\/ tampa Peso: 0,950 Kg Litros: 14<\/p>\n","protected":false},"featured_media":639,"template":"","meta":[],"product_brand":[],"product_cat":[25],"product_tag":[],"class_list":{"0":"post-638","1":"product","2":"type-product","3":"status-publish","4":"has-post-thumbnail","6":"product_cat-caixas-fechadas","8":"first","9":"instock","10":"shipping-taxable","11":"product-type-simple"},"_links":{"self":[{"href":"https:\/\/goiascaixas.com.br\/index.php\/wp-json\/wp\/v2\/product\/638","targetHints":{"allow":["GET"]}}],"collection":[{"href":"https:\/\/goiascaixas.com.br\/index.php\/wp-json\/wp\/v2\/product"}],"about":[{"href":"https:\/\/goiascaixas.com.br\/index.php\/wp-json\/wp\/v2\/types\/product"}],"wp:featuredmedia":[{"embeddable":true,"href":"https:\/\/goiascaixas.com.br\/index.php\/wp-json\/wp\/v2\/media\/639"}],"wp:attachment":[{"href":"https:\/\/goiascaixas.com.br\/index.php\/wp-json\/wp\/v2\/media?parent=638"}],"wp:term":[{"taxonomy":"product_brand","embeddable":true,"href":"https:\/\/goiascaixas.com.br\/index.php\/wp-json\/wp\/v2\/product_brand?post=638"},{"taxonomy":"product_cat","embeddable":true,"href":"https:\/\/goiascaixas.com.br\/index.php\/wp-json\/wp\/v2\/product_cat?post=638"},{"taxonomy":"product_tag","embeddable":true,"href":"https:\/\/goiascaixas.com.br\/index.php\/wp-json\/wp\/v2\/product_tag?post=638"}],"curies":[{"name":"wp","href":"https:\/\/api.w.org\/{rel}","templated":true}]}}