{"id":733,"date":"2022-11-16T13:26:16","date_gmt":"2022-11-16T16:26:16","guid":{"rendered":"https:\/\/site.goiascaixas.com.br\/?post_type=product&#038;p=733"},"modified":"2022-11-16T14:37:09","modified_gmt":"2022-11-16T17:37:09","slug":"bandeja-aberta-p-ovos","status":"publish","type":"product","link":"https:\/\/goiascaixas.com.br\/index.php\/produto\/bandeja-aberta-p-ovos\/","title":{"rendered":"CARTELA PARA OVOS"},"content":{"rendered":"<p>APLICA\u00c7\u00d5ES:\u00a0 armazenamento, transporte e distribui\u00e7\u00e3o de ovos<\/p>\n<p>DIMENS\u00d5ES EXTERNAS : 304 x 304 x 46,5mm<\/p>\n<p>PESO: 0,136 kg<\/p>\n<p>MATERIAL : PEAD ( polietileno alta densidade)<\/p>\n<p>CAPACIDADE: 30 OVOS<\/p>\n<p>&nbsp;<\/p>\n","protected":false},"excerpt":{"rendered":"<p>APLICA\u00c7\u00d5ES:\u00a0 armazenamento, transporte e distribui\u00e7\u00e3o de ovos DIMENS\u00d5ES EXTERNAS : 304 x 304 x 46,5mm PESO: 0,136 kg MATERIAL : PEAD ( polietileno alta densidade) CAPACIDADE: 30 OVOS &nbsp;<\/p>\n","protected":false},"featured_media":734,"template":"","meta":[],"product_brand":[],"product_cat":[30],"product_tag":[],"class_list":{"0":"post-733","1":"product","2":"type-product","3":"status-publish","4":"has-post-thumbnail","6":"product_cat-diversos","8":"first","9":"instock","10":"shipping-taxable","11":"product-type-simple"},"_links":{"self":[{"href":"https:\/\/goiascaixas.com.br\/index.php\/wp-json\/wp\/v2\/product\/733","targetHints":{"allow":["GET"]}}],"collection":[{"href":"https:\/\/goiascaixas.com.br\/index.php\/wp-json\/wp\/v2\/product"}],"about":[{"href":"https:\/\/goiascaixas.com.br\/index.php\/wp-json\/wp\/v2\/types\/product"}],"wp:featuredmedia":[{"embeddable":true,"href":"https:\/\/goiascaixas.com.br\/index.php\/wp-json\/wp\/v2\/media\/734"}],"wp:attachment":[{"href":"https:\/\/goiascaixas.com.br\/index.php\/wp-json\/wp\/v2\/media?parent=733"}],"wp:term":[{"taxonomy":"product_brand","embeddable":true,"href":"https:\/\/goiascaixas.com.br\/index.php\/wp-json\/wp\/v2\/product_brand?post=733"},{"taxonomy":"product_cat","embeddable":true,"href":"https:\/\/goiascaixas.com.br\/index.php\/wp-json\/wp\/v2\/product_cat?post=733"},{"taxonomy":"product_tag","embeddable":true,"href":"https:\/\/goiascaixas.com.br\/index.php\/wp-json\/wp\/v2\/product_tag?post=733"}],"curies":[{"name":"wp","href":"https:\/\/api.w.org\/{rel}","templated":true}]}}